or of 235984 and 1232.
112
Calculate the highest common factor of 130 and 14890.
10
Calculate the greatest common divisor of 72116 and 1331.
121
What is the greatest common divisor of 93469 and 151?
151
Calculate the highest common factor of 496 and 420484.
124
Calculate the greatest common factor of 20292 and 76362.
534
What is the highest common divisor of 1650 and 22110?
330
Calculate the highest common divisor of 135 and 17793.
27
What is the greatest common divisor of 148 and 1506862?
74
Calculate the greatest common divisor of 1739 and 3008.
47
Calculate the greatest common divisor of 7148520 and 180.
180
What is the greatest common factor of 680 and 205280?
40
What is the highest common factor of 508 and 368?
4
Calculate the greatest common factor of 36352 and 416.
32
Calculate the greatest common divisor of 41869 and 1967.
281
Calculate the highest common divisor of 80 and 31220.
20
Calculate the highest common divisor of 64 and 257776.
16
Calculate the highest common divisor of 51852 and 228.
12
Calculate the greatest common divisor of 436 and 79897.
109
Calculate the highest common factor of 187 and 129943.
11
What is the greatest common divisor of 9114 and 249333?
651
What is the highest common divisor of 60852 and 48?
12
What is the greatest common divisor of 78 and 5180266?
26
Calculate the highest common divisor of 13396 and 290772.
788
What is the greatest common divisor of 1620 and 790?
10
What is the greatest common factor of 1568 and 17878?
14
What is the greatest common divisor of 884 and 789854?
442
Calculate the highest common divisor of 125 and 2690375.
125
What is the highest common factor of 22092 and 3024?
84
Calculate the highest common divisor of 164087 and 77.
77
Calculate the highest common divisor of 190 and 5350.
10
What is the greatest common factor of 1747216 and 144?
16
Calculate the greatest common divisor of 40 and 445650.
10
Calculate the greatest common divisor of 3588 and 74880.
156
What is the greatest common factor of 56972 and 40?
4
Calculate the highest common divisor of 35796 and 24.
12
What is the greatest common factor of 55 and 44264?
11
Calculate the highest common factor of 55 and 19129.
11
What is the greatest common divisor of 95270 and 2212?
14
Calculate the highest common divisor of 1927 and 943.
41
Calculate the greatest common factor of 825 and 804639.
33
Calculate the greatest common divisor of 317 and 107146.
317
Calculate the highest common factor of 47970 and 186960.
1230
Calculate the highest common divisor of 269501 and 17.
17
What is the greatest common divisor of 166 and 99766?
166
What is the greatest common factor of 1100528 and 143?
143
Calculate the greatest common divisor of 47 and 316639.
47
Calculate the highest common factor of 12995 and 6893.
113
Calculate the greatest common divisor of 14688 and 4998.
102
Calculate the greatest common divisor of 164 and 51537.
41
Calculate the highest common factor of 10807 and 18725.
107
Calculate the highest common factor of 1664 and 2548.
52
Calculate the highest common divisor of 122 and 36173.
61
Calculate the highest common factor of 860 and 86645.
215
Calculate the greatest common factor of 4 and 124090.
2
What is the greatest common divisor of 629 and 11135?
17
Calculate the highest common divisor of 548992 and 128.
128
Calculate the highest common factor of 1947253 and 399.
133
Calculate the highest common factor of 70587 and 558.
279
Calculate the greatest common factor of 135 and 4149.
9
Calculate the greatest common factor of 3750 and 1725.
75
What is the highest common divisor of 4551 and 17723?
37
Calculate the greatest common divisor of 8304 and 408.
24
What is the highest common factor of 32915 and 383630?
1135
What is the greatest common factor of 783 and 818235?
783
Calculate the highest common divisor of 1216 and 16064.
64
Calculate the highest common divisor of 2210 and 6018.
34
Calculate the greatest common divisor of 11 and 387761.
11
What is the greatest common factor of 2486 and 3674?
22
What is the greatest common divisor of 4060 and 14840?
140
Calculate the greatest common factor of 689040 and 986.
58
What is the greatest common factor of 64 and 1498672?
16
What is the greatest common divisor of 18630 and 1449?
207
What is the highest common factor of 140 and 222880?
140
What is the greatest common factor of 2268 and 1848?
84
Calculate the greatest common factor of 23517 and 351.
351
Calculate the highest common divisor of 527 and 17799.
17
Calculate the greatest common factor of 609 and 33901.
203
What is the greatest common divisor of 79 and 604?
1
Calculate the highest common divisor of 25691 and 46.
23
What is the greatest common divisor of 1230 and 90?
30
Calculate the greatest common factor of 277932 and 24.
12
Calculate the greatest common divisor of 12709 and 1704.
71
Calculate the highest common divisor of 36142 and 323.
17
Calculate the highest common factor of 67 and 147869.
67
What is the greatest common factor of 9 and 1712673?
9
Calculate the highest common divisor of 165 and 9465.
15
What is the highest common divisor of 770 and 15358?
14
What is the greatest common factor of 272 and 282?
2
What is the highest common factor of 445730 and 464?
58
Calculate the highest common factor of 26 and 93743.
13
What is the highest common factor of 486 and 438912?
54
What is the highest common divisor of 8280639 and 129?
129
What is the highest common factor of 1022 and 40369?
511
What is the highest common divisor of 8764520 and 272?
136
Calculate the highest common factor of 6794815 and 17.
17
Calculate the highest common factor of 13772 and 3520.
44
Calculate the greatest common factor of 69332 and 28.
4
What is the highest common divisor of 3933 and 101821?
437
What is the highest common divisor of 720048 and 528?
48
What is the greatest common factor of 36 and 7596?
36
Calculate the highest common divisor of 92 and 1381196.
92
What is the greatest common factor of 27477 and 43?
43
What is the greatest common factor of 159368 and 2?
2
What is the highest common factor of 36 and 659187?
9
Calculate the highest common factor of 1112 and 604.
4
What is the greatest common divisor of 2848 and 1952?
32
Calculate the highest common divisor of 189 and 11799.
27
What is the highest common divisor of 7 and 14869?
1
What is the highest common factor of 301327 and 3718?
169
Calculate the greatest common factor of 580297 and 106.
53
What is the highest common divisor of 8140 and 1255?
5
What is the highest common divisor of 1516026 and 510?
102
Calculate the greatest common divisor of 37198 and 98.
14
Calculate the greatest common divisor of 6320 and 16.
16
What is the highest common factor of 607115 and 395?
395
Calculate the highest common divisor of 17 and 12917.
1
Calculate the greatest common divisor of 378 and 194859.
189
What is the highest common divisor of 5 and 71915?
5
Calculate the greatest common divisor of 849 and 81787.
283
What is the highest common factor of 3852 and 4068?
36
What is the highest common factor of 30416 and 656?
16
What is the greatest common factor of 768 and 14496?
96
What is the highest common divisor of 855 and 801?
9
Calculate the highest common divisor of 333 and 177966.
9
Calculate the greatest common factor of 336455 and 1120.
35
Calculate the highest common factor of 10011 and 987.
141
What is the highest common divisor of 4189 and 15163?
59
Calculate the greatest common divisor of 1649 and 2125.
17
What is the highest common factor of 9713 and 77?
11
Calculate the greatest common factor of 252 and 58824.
36
What is the highest common factor of 148 and 95220?
4
What is the greatest common divisor of 36477 and 189?
189
What is the greatest common divisor of 252 and 2366?
14
What is the greatest common factor of 372378 and 318?
318
What is the greatest common factor of 14823 and 671?
61
Calculate the greatest common factor of 30 and 54455.
5
Calculate the highest common factor of 14 and 113449.
7
Calculate the highest common divisor of 1410 and 43905.
15
Calculate the highest common factor of 13572 and 48546.
522
Calculate the highest common factor of 32895 and 90.
45
What is the greatest common factor of 330562 and 38?
38
Calculate the greatest common divisor of 19339 and 1